e
Let l be (-1)/5 + (-22)/(-10). Suppose 4*k + 562 = 3*h - h, -3*k - 425 = l*h. Let q = -76 - k. Is q prime?
False
Suppose 0 = r - 4*r + 15. Suppose 3*i = 3*x - 9, -r*x + 22 + 9 = 3*i. Is 3/(2*1/i) composite?
False
Suppose -3*j + 4*q + 128 = 3, -3*q = -5*j + 223. Is j prime?
True
Let n = 10 + -8. Suppose -20 = -4*f + n*o, -3*o = 2*f + 3*f - 14. Suppose -f*r + 73 = 4*q - 27, -82 = -4*r + 5*q. Is r prime?
True
Is (-259)/(-3)*(-3)/(-1) prime?
False
Let h(b) = 500*b**2 - 1. Let p be h(-1). Let f be (-1)/(-1) + p + -2. Suppose g = -3, -5*g = -z - 2*z + f. Is z prime?
False
Let p(j) = j**2 - 7*j - 6. Let w be p(7). Let k = w - -9. Suppose k*l - 6*l + 5*z = -262, -268 = -3*l - z. Is l composite?
False
Let n = 11 - 9. Suppose 212 = -0*l + 2*l + 2*j, n*j + 333 = 3*l. Is l a prime number?
True
Suppose 4*f + 3*x = 5*x, 0 = -4*f - 2*x. Let i be 15*((-3)/(-9) - f). Let n(h) = h + 2. Is n(i) composite?
False
Let g(s) = -29*s - 2. Is g(-5) composite?
True
Suppose 2*b = x - 1, -5*b + 3*x - 6*x + 25 = 0. Let p(y) = 3*y**2. Let t be p(b). Suppose -t = -3*g, 25 + 1 = 2*w - 5*g. Is w composite?
False
Let q = 4 + 1. Let u(r) = -r + 5. Let z be u(q). Is -37*((-2)/2 - z) a composite number?
False
Let h(r) = -3*r + 4. Let o = 0 - 7. Is h(o) prime?
False
Suppose -k = 3*k - 16. Suppose 3*i = -3*g + 147, -i + g = -k*i + 143. Is i a prime number?
True
Let a be ((-12)/10)/(6/(-15)). Let d(u) = 3*u**2 + u + 1. Is d(a) a composite number?
False
Suppose 0 = -2*n - 0*n + 78. Let q = -18 + n. Is q prime?
False
Let d(z) be the third derivative of 121*z**5/60 - z**4/24 - z**3/6 + 2*z**2. Is d(-1) prime?
False
Suppose 12*s - 15*s = -231. Is s a prime number?
False
Let c(h) = -h**3 - 11*h**2 - 11*h + 17. Is c(-12) composite?
False
Let o(f) = 56*f - 4. Let d(y) = -14*y + 1. Let v(k) = -9*d(k) - 2*o(k). Is v(6) a composite number?
False
Let w = -46 - -237. Is w composite?
False
Suppose -3*z - 9 = -5*n + 2*n, 3*z - 3 = 0. Suppose n*u + 1036 = 4*x, -2*x + 283 = -x + 5*u. Is x composite?
False
Suppose 5*d = -p + 24, -4*p + 2*p - 2 = 0. Let f = -13 + d. Let v = f - -27. Is v a prime number?
True
Suppose 63 = -5*n + 648. Suppose -5*l + 128 + n = 0. Is l prime?
False
Suppose -82 = 4*f + 54. Let w be -1*-14*(-13)/(-2). Let g = w + f. Is g a prime number?
False
Is (-368)/(-14) - (-2)/(-7) a prime number?
False
Suppose 4*v + 16 = -2*f, 2*f + 2*f + 2*v + 8 = 0. Let d = 3 - f. Suppose 80 + 18 = d*c + n, -c + 6 = -5*n. Is c a prime number?
True
Suppose -h - 4*s + 54 = 1, 5*h + 4*s = 185. Is h composite?
True
Suppose 4*x + 12 = 0, 81 = 5*n - 2*n - 4*x. Suppose n = 5*w - 2*l - l, w + 4*l = 0. Is w prime?
False
Suppose 4*a = -i - i + 200, -4*a + i = -206. Let x = -28 + a. Is x a prime number?
True
Is (62/(-3))/(16/(-552)) prime?
False
Suppose 2*w - 205 = -v - 0*w, 4*w = -5*v + 1037. Is v a prime number?
False
Let s = 273 + 26. Is s a prime number?
False
Is (-20)/(-60) + (-11080)/(-6) composite?
False
Let r(p) = 10*p**2 - p - 1. Let j be r(-2). Let c = j - 16. Is 360/c - (-6)/10 prime?
False
Suppose -2*g - g + 435 = 0. Suppose 4*d = -12, -3*o - 5*d = -5*o + g. Is o composite?
True
Suppose 5*q - 279 = 571. Suppose 0*i + 5*i = q. Is i composite?
True
Suppose -2*v + 0*v = -8942. Is v a composite number?
True
Let k(l) = -3*l. Let o be k(-1). Suppose -4*m - o*f + 39 = -94, -2*m + 2*f + 56 = 0. Is m composite?
False
Let z = -3 + 3. Suppose z = 3*d - 4*d. Suppose d = 3*g + 12 - 69. Is g prime?
True
Suppose 5*j = -323 + 2898. Is j/2 - (-6)/4 a prime number?
False
Suppose -2*j - 26 = -2*l - j, 4*l - 5*j = 64. Let g = l + -2. Is (-796)/(-10) - g/15 a composite number?
False
Suppose -3 = -u - 0. Suppose 5*r - 549 = -2*j + 508, u*j + 1052 = 5*r. Is r composite?
False
Is ((-35548)/10)/(((-28)/10)/7) a composite number?
False
Let t(z) = -6*z**3 - z**2 - 9*z + 2. Let h be t(-7). Suppose 2*p - 793 = -w + 36, 5*p + 3*w = h. Is p composite?
True
Let z be (0 - (-6)/10)*5. Suppose -5*k + 2*k + z*j = 144, 0 = -3*j + 6. Let f = -27 - k. Is f a prime number?
True
Suppose -2*j + 4706 = 2*s, -3*s + 4*j - 872 = -7959. Is s composite?
False
Let b(i) = i - 2. Let s be b(4). Suppose 0 = -3*t + s*w + w - 12, 5 = -2*t + w. Let g = t + 8. Is g composite?
False
Suppose -4*j = -5*j + 3. Suppose -561 = -j*g + 12. Is g a prime number?
True
Let j(x) = -2*x**3 - x**2 + 2*x + 2. Let c be j(-2). Let a(h) = h - 3. Is a(c) a prime number?
True
Let j = -677 + 1040. Suppose -4*k = -r + j, -k = 3*r + 3*k - 1105. Is r prime?
True
Is 2 + (-1 - 2) - -150 prime?
True
Is 40/2*20/16 a composite number?
True
Suppose 5*c = 3*y + 2470, 2*c - c - 517 = -4*y. Is c prime?
False
Suppose 0 = 2*w - 22 - 16. Is w composite?
False
Is (-26619)/(-19) - 4/1 a prime number?
False
Let b(j) = j + 6. Let m be b(0). Let q(a) = -3*a**2 + 10*a - 5. Let d(k) = 4*k**2 - 11*k + 5. Let h(v) = 6*d(v) + 7*q(v). Is h(m) a prime number?
True
Let j be 16 + -1*(2 + -1). Let t be (-5)/j + 1/3. Suppose 42 = 2*u - t*u. Is u prime?
False
Suppose -5*h - 2 = -z, -z = 5*h + z + 11. Let s(o) = -22*o**3 - o**2 + o + 1. Let f(t) = -22*t**3 - t**2 + t + 1. Let y(l) = 4*f(l) - 3*s(l). Is y(h) composite?
True
Let d(y) be the third derivative of -5*y**4/24 - y**3/6 - y**2. Let q be d(-1). Let o(n) = 10*n - 3. Is o(q) composite?
False
Let n(x) = 2*x**3 + 4*x**2 - 6*x + 5. Let v(t) = 5*t**3 + 7*t**2 - 11*t + 9. Let b(d) = -7*n(d) + 3*v(d). Is b(9) prime?
False
Suppose r + 3*g + 0 - 2 = 0, 5*r = -4*g + 21. Suppose 20 = 3*c - 13. Suppose -r*f + 121 = 2*i, 0 = -f + 3*i + c + 20. Is f prime?
False
Suppose -5*m + 1146 = -3779. Is m prime?
False
Let o(j) = 11*j**3 - 6*j**2 + 19*j - 13. Is o(10) prime?
False
Suppose -4*w + 1 = 5*v + 36, 2*v - 22 = 2*w. Is 616/40 + 4/w composite?
True
Let b(s) = 4*s**2 - 16*s - 19. Is b(12) a composite number?
True
Suppose 1132 - 197 = 11*d. Is d composite?
True
Suppose k = -2*k - 21. Let i be (-4)/14 + (-856)/k. Suppose -3*c - 5*q + 172 = 0, 5*q = -c + 4*c - i. Is c composite?
True
Let i(v) = v**3 + 6*v**2 - 8*v - 5. Let c be i(-7). Suppose 0 = -5*h + c*h. Suppose -44 = -4*g - 4*y, 5*g - 4*y - 12 - 7 = h. Is g prime?
True
Let n(s) = 7*s**2 + 4*s - 5. Let h be n(-5). Suppose -2*b + 121 = 2*z - 7*z, 3*b + 3*z = h. Is b composite?
False
Let n(l) = -l. Let v = 14 - 8. Let f be n(v). Is (-5)/(-1 - 4/f) a prime number?
False
Let m be 35/(-28) + (-1)/(-4). Is (m - 22)/(-1 + 0) a composite number?
False
Let i(q) = 22*q - 10. Let g = -1 + 9. Is i(g) a composite number?
True
Suppose g - 5*h = 12, -9 = 5*g - 4*h - 27. Is -3 + 5 - (g - 87) a prime number?
False
Let m(g) = -g**2 + 2*g**2 - 3*g**2 + 4*g + 7. Let w be m(6). Let z = w - -67. Is z a prime number?
False
Suppose 3*i + 136 = 7*i. Let l = i - 62. Is 1643/7 - 8/l prime?
False
Suppose 0 = 5*q + 25, 3*z - 7 = 3*q + 20. Suppose k + 3*t - 4*t = 76, 0 = -z*k - 3*t + 311. Is k prime?
False
Let o(q) = q**3 - 7*q**2 + 8*q - 6. Let d be o(6). Suppose -b - 75 = -l + d, -4*b - 241 = -3*l. Is l prime?
True
Let h = -774 + 1109. Is h a prime number?
False
Let f(m) = 5*m**2 + 2*m + m - 4*m + 5*m**3 - 4*m**3. Let s be f(-5). Suppose -291 = -s*n - 36. Is n a composite number?
True
Suppose 4*f + 1741 = 8305. Is f composite?
True
Suppose 3*a = -5*c + 205, -2*c - 2*c + 142 = -2*a. Suppose -6*l = -5*l - 16. Let g = c - l. Is g a composite number?
True
Let v(m) = -5*m**3 - 6*m**2 + 9*m + 8. Let z(c) = -c**3 + c + 1. Let u(b) = v(b) - 6*z(b). Let o be u(5). Let f(x) = -x**3 - 7*x**2 + 5*x + 7. Is f(o) prime?
True
Suppose 0 = -5*b + 3483 - 328. Is b prime?
True
Suppose 2*d - 1478 = -0*d. Is d a composite number?
False
Is -2 + (-15)/15 + -1 + 1077 a composite number?
True
Let u(q) = 44*q. Let r be u(-2). Let y = r - -125. Is y a prime number?
True
Let g(o) = 7*o**3 - 7*o**2 + 2*o - 13. Is g(6) prime?
True
Let s(k) = -k**2 + 9*k - 6. Let i be s(8). Suppose -i*p = 2*p - 204. Is p a prime number?
False
Suppose 0 = 26*n - 29*n + 2514. Is n a prime number?
False
Let y be ((-57)/2)/(6/(-36)). Suppose 5*x = y + 524. Suppose -299 = -3*m - 2*v + 66, -m - 5*v = -x. Is m a prime number?
False
Is (-18471)/(-9) - (-4)/6 composite?
False
Suppose n - 2*x - 41 = -0*x, -109 = -4*n - 3*x. Is n prime?
True
Let n(k) be the second derivative of 79*k**4/12 + k**3/6 - k**2/2 - 7*k. Is n(1) a composite number?
False
Suppose 2*k = 4*j + 510, 0 = 4*k + 2*j + 2*j - 100